= -1340 + 1517. Calculate the remainder when 363 is divided by h.
9
Let o(h) = h**3 + 10*h**2 - 15*h - 4. Suppose -56 - 66 = -3*v - m, 2*m = 4*v - 156. What is the remainder when o(-5) is divided by v?
36
Suppose 20 = 4*d - 4*c, 5*c + 0 = 2*d - 4. Let b(j) = 2*j**2 + 32*j - 85. Let w be b(-22). Let u = -161 + w. Calculate the remainder when u is divided by d.
4
Let v(m) = -14*m**2 - 6*m + 31*m**2 + 7*m + 18*m**2. Let i be v(1). Suppose -i = -4*g + 2*g. What is the remainder when g is divided by 12?
6
Let o be -2*(-4 + (-124)/8). Let b = o + 6. What is the remainder when 89 is divided by b?
44
Let m(y) = -1 + 5*y**2 - 3 + 2*y + 0. Suppose -17*f = -388*f + 11872. Calculate the remainder when m(6) is divided by f.
28
Let x = 4362 + -4313. Calculate the remainder when x is divided by 47.
2
Calculate the remainder when 185 is divided by (-56)/(-21) + -3 + 310/3.
82
Calculate the remainder when -9 + -1 + 5 - -1134 is divided by 71.
64
Let n be (2/(-3))/((-2)/21). Suppose -3*i - 15 = -4*j, n*j - 33 = 4*j - 5*i. Let h(t) = 5*t + 15. Calculate the remainder when h(j) is divided by 24.
21
Let i(w) = 8*w - 13. Let u be i(13). Suppose -u = -3*m + 4*t, 5*t + 118 = 4*m + 3*t. What is the remainder when m is divided by (2/6)/(6/216)?
5
Let u = 73 + -73. Let l(b) = b**2 + 2*b + 5. Let d be l(u). Suppose -2*p - c - 87 = -d*p, 2*p - 50 = -2*c. Calculate the remainder when p is divided by 11.
6
Suppose -5*j - t = -207, 5*j + 17*t - 13*t - 228 = 0. Suppose 2*d + 48 = 4*d. Calculate the remainder when j is divided by d.
16
Let n = -2457 - -3291. What is the remainder when n is divided by 19?
17
Suppose 5*j = -2*i + 2810, -123*i + 121*i = -3*j - 2746. What is the remainder when i is divided by 232?
225
Let k(h) = 8*h - 4. Let p = 101420 - 101392. Calculate the remainder when p is divided by k(3).
8
Let g be 6/9 - (-7)/3. Suppose -16 = -s - 2*x - 75, 5*x = g*s + 133. Let u = 160 + s. Calculate the remainder when u is divided by 16.
13
Suppose y - 5365 + 5139 = 0. What is the remainder when 229 is divided by y?
3
Suppose 0 = 5*z - 4 - 66. Let s be -2*(((-585)/(-10))/1*-6)/2. Suppose -z*r = -r - s. Calculate the remainder when r is divided by 14.
13
Suppose 80 = a + 4*a. Let g(p) be the third derivative of p**5/60 + 7*p**3/3 + 68*p**2 - 3. Calculate the remainder when g(-7) is divided by a.
15
Let u(k) = -k**2 - 14*k + 35. Let f be (-2)/((-6)/17) - 4/6. Suppose 0 = 4*s - f - 51. Calculate the remainder when s is divided by u(-16).
2
Let d(f) = f - 10. Let a be d(5). Let x(c) = -c**3 - 3*c**2 + c + 6. Let t = 32 - 14. Calculate the remainder when x(a) is divided by t.
15
Let l = 40397 - 36620. What is the remainder when l is divided by 60?
57
Let n be (-3)/(-6)*(16/4 - 4). Suppose 2*j - y + 6 - 38 = n, j = y + 15. What is the remainder when 166 is divided by j?
13
Let z = -17 + 95. Let f = 1608 + -1652. Let n = z + f. Calculate the remainder when n is divided by 4.
2
Let r(j) = 7*j + 68. Let x be r(0). Suppose -8*h = -9*h + x. What is the remainder when h is divided by 26?
16
Let z be (-1)/(74/(-24) - (-27)/9). Suppose 28*u - z = 27*u. Suppose -5*l = -u - 23. What is the remainder when 11 is divided by l?
4
Suppose -494 = -17*m + 832. What is the remainder when 330 is divided by m?
18
Let l = -36 - -51. Let o(k) = -6*k + 235. Let c be o(31). Suppose -c*z + 174 = -43*z. What is the remainder when z is divided by l?
14
Suppose 2*m - 7*m - 3*p = -925, -4*m + 782 = -6*p. Calculate the remainder when m is divided by 10.
8
Suppose 15*f + 26230 = 25*f. Suppose 0 = 13*h - f + 283. What is the remainder when h is divided by 27?
18
Let o be 8/44 + 4/(-22). Suppose -3*b - 2*p = -28, o*p + p = -4*b + 29. What is the remainder when 7 is divided by b?
1
Suppose -977*u + 5712 = -858*u. Suppose 19 = 3*t - 2. Calculate the remainder when u is divided by t.
6
Let j = -23773 + 23796. What is the remainder when 3787 is divided by j?
15
Let u = -40270 + 40516. What is the remainder when 710 is divided by u?
218
Suppose y = 5*r + 95, 2*r + 18 - 16 = 0. Suppose 5*m = -s + y, 2*m = -4*s + s + 36. What is the remainder when 40 is divided by m?
4
Let m = -341 + 489. Let c = 177 - 102. Calculate the remainder when m is divided by c.
73
Let n(x) = x**3 - 6*x**2 - 2*x + 15. Let s be n(6). Suppose -4*o = s*i - 129, -5 = o - 8. Calculate the remainder when 155 is divided by i.
38
Let u = 6038 - 5978. Calculate the remainder when 2096 is divided by u.
56
Let y = 105 - 90. Suppose -4*h + 17 = -5*l - 70, 5*l + y = 0. What is the remainder when 75 is divided by h + -14 - (-11 + 1*-1)?
11
Suppose 2*h = -l - l + 12, -12 = -3*h. Suppose -l*g + g = -16. Let i(t) = t**3 - 17*t**2 - 19*t + 47. What is the remainder when i(18) is divided by g?
13
Let c(r) = 7*r**3 + 52*r**2 - 194*r - 1218. Calculate the remainder when c(-8) is divided by -6*10/(-2) - -1.
16
Let t(s) = 14*s - 2. Suppose -331 = -5*c + 434. Let m = c + -124. What is the remainder when t(4) is divided by m?
25
Suppose 10*i - 5*i - 5*z = 25, 2*z - 2 = 0. Suppose i*y - y + t = 204, -4*y = 3*t - 161. Calculate the remainder when y is divided by 7.
6
Let g = 125 - -51. Let c = 194 - g. What is the remainder when 59 is divided by c?
5
Let r = -191 + 191. Let v(a) = 7*a + 13. Calculate the remainder when 89 is divided by v(r).
11
Let r(w) = -43*w**3 - 20 + 6*w**2 - 48*w**3 + 92*w**3 - 3*w. Let o be r(-6). Calculate the remainder when 58 is divided by 144/14 - -6*o/42.
8
Let k(y) = 4*y**3 + 55*y**2 + 32*y + 50. What is the remainder when 1079 is divided by k(-13)?
92
Suppose 11 = 7*u - 31. Suppose -u*s = -5*s. Calculate the remainder when 71 is divided by 60/18*((1 - s) + 5).
11
Let l(y) = 2*y**2 - 13*y. Suppose 464 - 2660 = -273*d + 29*d. Calculate the remainder when l(10) is divided by d.
7
Suppose -3*l = -4*t, l - 643 + 647 = 2*t. Let k(h) = h**3 - 8*h**2 - 6*h + 2. What is the remainder when k(9) is divided by l?
5
What is the remainder when 159 is divided by (-1 - (-154)/(-4))/(40/(-160))?
1
Let p(u) = -u**3 + 6*u**2 + 9*u - 9. Let q = 299 - 299. Suppose q = x + k - 19, -2*x - x + 2*k + 82 = 0. Calculate the remainder when x is divided by p(7).
4
Suppose 1 = -5*c - 9, 5*k + 5*c - 5 = 0. Suppose 303 + 18 = k*s. Suppose 3*g = 3 + 33. What is the remainder when s is divided by g?
11
What is the remainder when 2 + (240 - -12) + 1 + -5 + 1 is divided by 27?
8
Suppose 34609*y - 39064 = 34095*y. Let r(q) = -q**3 + 6*q**2 - 3*q - 1. Calculate the remainder when y is divided by r(5).
4
Suppose -5*a = -3*m - 73, -7*a + 2*a + 69 = -4*m. Suppose 15*t - a = 14*t. Calculate the remainder when 84 is divided by t.
16
What is the remainder when (-313599)/(-344) + (-2 - 38/(-16)) is divided by 303?
3
Suppose 0 = -15*y + 148 - 43. Let p(n) = 44*n - 249. What is the remainder when p(y) is divided by (-2)/5 - 157/(-5)?
28
Suppose 142 = 4*h - 5*x, -3*x = -3*h - 56 + 164. Suppose -622*p = 514*p + 362*p + 79*p - 28386. What is the remainder when p is divided by h/8 - 3/(-12)?
3
Suppose -17*q = 526 - 1971. Let o = 119 - q. What is the remainder when 134 is divided by o?
32
Let p = -167 + 169. Calculate the remainder when ((-234)/12 + p)*(-8)/10 is divided by 10.
4
Let b = -50 + 102. Suppose 129*y = 3*n + 124*y - 906, 1529 = 5*n - 2*y. What is the remainder when n is divided by b?
47
Let o = 2398 + -2395. Let y = 11 + -9. Calculate the remainder when o is divided by y.
1
Suppose -h + 28 = 2*j, -13*j + 9*j + 102 = 3*h. What is the remainder when 23229 is divided by h?
45
Let n = 65 - 62. Suppose -k = -6*k + n*p + 59, -2*k - 3*p = -11. What is the remainder when (31 - -2)/(2/k) is divided by 28?
25
Let c(q) = q**3 - 9*q**2 + 8*q + 1. Let k be c(8). Let s be ((-12)/(-48))/(k/4). What is the remainder when (-3 + 4)/((-1)/(-55)*s) is divided by 19?
17
Let f be (-3)/(-3 + 2)*-1 + 9. Suppose -f = 4*t - 46. Suppose 10 = -5*r, 4*s + 2*r = 47 + 41. What is the remainder when s is divided by t?
3
Suppose 0 = 3*c + 2 - 23. Suppose -24*o + 18*o = 996. Let r = o - -192. What is the remainder when r is divided by c?
5
Suppose 49*d - 76*d - 35 = -1061. What is the remainder when 105 is divided by d?
29
Let v = -17862 + 18180. Calculate the remainder when 348 is divided by v.
30
Suppose -v = -5*q + 130, 256 = -3*v - 4*q - 39. Let s = -107 - v. Let u(p) = p**2 - p - 4. Calculate the rema